e k(8).
-34
Let x(z) = -z**2 - z + 1. Let w(t) = -t**3 - 9*t**2 - 3*t + 8. Let j(m) = -w(m) + 6*x(m). Let g = 95 - 99. What is j(g)?
-6
Let w(j) be the second derivative of -1/2*j**3 + 8*j - 3*j**2 + 0. Suppose 13*l + 5 = -47. What is w(l)?
6
Let n(x) = -2*x**3 - 47*x**2 - x + 19. Let l(r) = -5*r**2 + 9 - 11*r**2 - r**3 - 6*r**2. Let c(w) = 9*l(w) - 4*n(w). Calculate c(-10).
-35
Suppose 0 = -7*w + 18*w - 55. Suppose 5*n = 6*n - w. Let j(y) = 2*y**2 - 5*y - 3. Determine j(n).
22
Suppose -3*r - 26 = -r - 5*w, 0 = -3*r + 3*w - 39. Let v(u) = u**3 + 14*u**2 + 10*u - 40. Let a be v(r). Let g(x) = -8*x**2 - 1. Give g(a).
-9
Let h(n) = 2*n + 9. Let x(r) = -3*r - 17. Suppose 12*q = 8*q. Suppose q = 2*w - 26 + 32. Let f(p) = w*x(p) - 5*h(p). Determine f(6).
0
Let p(l) = -l**2 - l - 9. Let a = -56 - -67. Let b be (a - 4 - 5) + (-4)/2. Determine p(b).
-9
Let d = -44 + 43. Let w(c) = -3 - 3*c + 0*c - 6*c. Determine w(d).
6
Let g be (2 - (-33)/(-18))/((-2)/12). Let s(i) = -27 - 8*i**2 + 5*i**2 - 9*i**2 - i + 26. Give s(g).
-12
Let k(g) = -1709*g + 6848. Let m be k(4). Let t(w) = 5 - 5 - 13 + w. Calculate t(m).
-1
Suppose -3*s + 15 = 3*h, 4*h + 5*s - 12 = 7. Suppose 0 = -h*m - 63 + 87. Let p(a) = -a**2 + 4*a + 2. Calculate p(m).
2
Suppose -5*z = -3*j + 3 - 73, 0 = -3*z + j + 38. Let o be (3 - (-11)/(-3))*(z + -5). Let m(k) = 2*k - 2*k - 3*k - 2 + 4*k. What is m(o)?
-6
Let u(j) be the third derivative of -j**5/60 - j**4/6 + 26*j**2 - 2. What is u(-3)?
3
Let h(p) = -54*p + 0*p + 41*p - 267. Calculate h(-20).
-7
Let h(a) = -2*a + 1. Let g(l) = -4*l + 5. Let r(m) = -g(m) + 3*h(m). Suppose 2*i = -5*k + 45, -73 = -3*i + 3*k + 5. Let y = -27 + i. What is r(y)?
2
Let o = 45 + -23. Let k = o + -20. Let d(p) = p**3 + p + p + 0*p**2 - 1 - p + 4*p**k. Calculate d(-4).
-5
Let k(a) be the third derivative of a**6/120 + a**5/10 + a**4/8 - a**3/2 - 823*a**2 - 3*a. Suppose -6*i = -3*i - n + 19, 3*n = 12. Calculate k(i).
7
Let a(m) be the second derivative of 1/2*m**3 + 0 + 1/2*m**2 + 2/3*m**4 + 157*m. Determine a(-2).
27
Let z(s) = 4*s**3 - s**2 + s - 1. Let f(r) = -188*r + 1. Let v be f(-1). Let i = v + -188. Give z(i).
3
Let x(z) = -z**3 + 4*z**2 + 2*z. Let v(b) = -b**2 + 33*b - 227. Let m be v(23). Give x(m).
15
Let t(u) = 14 + 4 - 62 - 5 - 34 - 22*u + u**2. Determine t(25).
-8
Let z(a) = -5*a + 5 - 3*a + a**2 - 6*a + 10*a - 5*a. Let n be 0 + -1 + (-2 - -1). Let w(y) = -3*y + 1. Let l be w(n). What is z(l)?
-9
Let s(n) = 14253*n - 14254*n - 7*n**2 + 3*n**2 + 1. Suppose -5*c + 4*o + 40 = -o, 2 = 4*c + 2*o. Suppose -m - 5 = -c. What is s(m)?
-13
Let q(p) = p**2 - p - 6. Suppose 0 = -6*h + 22 + 2. Let w(j) = -8*j + 32. Let o be w(h). Determine q(o).
-6
Suppose -4 = 4*r, -151*w + 155*w = 3*r + 11. Let p(s) be the first derivative of 3 - 3/2*s**2 + 0*s**3 + 1/4*s**4 + 2*s. Give p(w).
4
Suppose 0 = 3*p + 2*p + 3*l + 13, -l + 19 = -3*p. Let s be -7 - p/(-15)*-21. Let m(o) = -3*o - 3. Give m(s).
-3
Suppose -5*g - 1757 = -a - g, 2*g = -8. Let h(i) = -2*i**2 + 3*i**2 + 1743*i**3 - a*i**3 + 2*i. Determine h(2).
24
Suppose -134*z + 609 + 569 = -353 + 325. Let x(j) = -j**2 + 11*j - 11. Let n(y) = 2*y**2 - 22*y + 21. Let o(u) = -6*n(u) - 11*x(u). Give o(z).
13
Suppose 24*k + 57 = 69*k - 26*k. Let l(t) be the third derivative of -11*t**4/24 + 2*t**2. Give l(k).
-33
Suppose -80*s - 176*s = -26*s - 1380. Let c(n) = -2*n**2 + 18*n - 3. What is c(s)?
33
Let v(a) = a - 5. Suppose 3*f + 6*l = 2*l + 172, f - 3*l - 79 = 0. Suppose -f = -8*k - 0*k. Give v(k).
3
Let q(o) = o**2 + 2*o + 3. Let k be q(-1). Let d(b) = -107 + b**k - 3*b + b + 108. Let c = -5 - -7. Give d(c).
1
Let o(q) be the first derivative of q**2 - 10*q + 12. Let u be 7 + 13 + (-12 - 2). Determine o(u).
2
Let y(q) = -q**2 - 8*q + 100. Let a be y(0). Let t = -94 + a. Let o(f) = 6*f**2 + 7*f + 0 - f**2 - 6 - t*f**2. What is o(6)?
0
Let d = -266 - -268. Suppose 6 = -s + 5*i, -3*i = -d*s + 9 - 0. Let c(r) = -r - 9. Determine c(s).
-18
Let c(h) be the first derivative of h**2/2 + h + 61519. Let f be 1/((-4)/(-10))*-2. What is c(f)?
-4
Suppose -4*b - 5*y = -33, -5*y + 13 = -2*b - 8. Let l(i) = 105 - b*i**2 - 35 - 34 - 37 - 2*i. What is l(-1)?
-1
Let h be -6 - -2 - (-6 - -1)/(290/174). Let x(q) = -48*q**3 - q**2 - 3*q - 2. What is x(h)?
48
Let h(n) = -n**3 - 68*n**2 - 131*n + 68. Let j be -54 + 5 - (-9 - -26). Calculate h(j).
2
Let h(x) = -6*x**3 + 9*x**2 - 2 - 5*x**3 + 11*x**3 - 9*x - x**3 - x. Give h(7).
26
Let s(c) be the second derivative of -c**4/12 + 3*c**3 - 15*c**2/2 + 3*c - 761. Give s(14).
41
Let t(p) = 2*p**2 + 15*p - 6. Let g be t(-8). Let k(y) = -3*y - y**3 - 4*y**2 + 0*y - 6 + g*y**3. Let r be k(5). Let x(u) = u - 9. What is x(r)?
-5
Let c(h) = -h**3 - h**2 - 7. Let l be c(0). Let y(x) be the third derivative of 1/4*x**4 - 3/2*x**3 + 0*x + 0 + 2/15*x**5 + 28*x**2 + 1/120*x**6. Give y(l).
-2
Let c = -699 - -701. Let j(t) = t**3 - 2*t**2 + 14*t - 23. Determine j(c).
5
Let i be (8/20)/(12/150). Let o(l) = 8*l**3 + l**2 - 3*l + 7. Let z(d) = 7*d**3 - 2*d + 6. Let k(c) = -6*o(c) + 7*z(c). Give k(i).
-5
Let q(s) = 4*s**2 + 5*s + 12. Let b be q(-2). Let t be (-1)/((-27)/(-6)) + (-1202)/b. Let n = -75 - t. Let h(l) = -l**3 - 9*l**2 - 7*l + 4. Determine h(n).
-4
Let v(p) = 1 - 9*p + 2 + 0 + 0. Suppose -11 = 2*i + n, 6*i - 4*n - 5 = i. Let u(f) = -f**2 - 3*f + 2. Let s be u(i). Determine v(s).
-15
Suppose -7*l - 13 = -2*q, q = 21*l - 24*l. Let f(m) = -57*m**2 - 2*m - 3. What is f(l)?
-58
Let v(u) = 68*u - 406*u**2 - 66*u - u**3 + 410*u**2. Calculate v(-3).
57
Let z(c) = -c**3 - 7*c**2 - 6*c - 8. Let h = 108 + -104. Suppose -2*a - 178 = 2*q, 2*a + h*q - 109 = 3*a. Let n = a + 87. Determine z(n).
-8
Let r(z) = 2*z - 8. Let c(o) = 168*o + 31. Let k be c(-1). Let l = k + 144. Calculate r(l).
6
Let j(r) = -2*r**2 - 14 - 1054*r**3 + 1055*r**3 - 8*r + 5*r. Calculate j(5).
46
Let t(p) = -9*p - 4. Let o(m) = 40*m + 9. Let x(b) = 2*o(b) + 9*t(b). Determine x(6).
-24
Let c(m) be the second derivative of -17*m**3/6 + 63*m**2 - m - 2881. Calculate c(8).
-10
Let o(h) = 5*h**2 + 4*h - 17. Let p(d) = -d**2 + 7. Let k(x) = -o(x) - 3*p(x). Suppose 0 = -0*f + 2*f + 6. What is k(f)?
-10
Suppose 5*s + 7*i - 6*i - 1008 = 0, -3*i - 393 = -2*s. Let q = s - 206. Let w(c) = -c**2 - c + 7. Determine w(q).
-13
Let t(y) = -2049*y - 2046. Let g be t(-1). Let a(p) = -3*p**2 + 5*p + 11. Determine a(g).
-1
Let b(v) = -v**2 - v + 10. Let r be (1 - 1)/(4/1 + -6). Suppose r = 123*l - 109*l + 42. Calculate b(l).
4
Let y(w) be the third derivative of 0*w + 14*w**2 + 13/8*w**4 + 0 + 0*w**3 - 1/60*w**5 - 1/120*w**6. Let o(f) be the second derivative of y(f). Give o(-2).
10
Let h(a) be the second derivative of a**3/6 - a**2 - 2*a + 19. Let j(b) = 14*b - 16. Let q(f) = -10*h(f) + j(f). Give q(-5).
-16
Let q(h) = 11*h**2 - h. Let w be (-6 - 5028/114) + 2/19. Let o be w/70 + 2/(-7). Determine q(o).
12
Let s(g) = 10*g + 37. Let n(u) = 2*u + 7. Let l(h) = -30*n(h) + 5*s(h). What is l(-4)?
15
Let h(n) = -n**3 + 3*n**2 - 3*n + 2. Let a be (-3)/3*(-2 + -1). Let w be (-6 - -1)/((-30)/24). Suppose w*g + 10 = -v, -1 = a*v - 2*g - 13. Give h(v).
0
Let s(z) = 11*z**3 + 43 - 20*z - 4*z**2 - 35 - 27. Let w(m) = -5*m**3 + m**2 + 10*m + 9. Let y(u) = -4*s(u) - 9*w(u). What is y(-8)?
11
Suppose y = 2*y + 11. Let m(a) = -5 - 55*a**2 - 8*a + 0 - 15*a + 0 + 60*a**2. Let z(q) = 3*q**2 - 19*q - 5. Let u(p) = -2*m(p) + 3*z(p). Give u(y).
-5
Let a(p) = p**3 - 17*p**2 - 17*p - 16. Let l be a(18). Suppose l - 7 = -5*m. Let y(c) = 342*c - m + 2 - 338*c. What is y(-1)?
-3
Suppose 2*y = 6*y - 740. Let t be 4/(-34) + y/(-17) + 6. Let k(p) = p**3 + 5*p**2 - p + 2. Calculate k(t).
7
Let g(s) = -129*s + 334. Let k(t) = -24*t + 68. Let j(b) = 2*g(b) - 11*k(b). Give j(7).
-38
Let z(i) = -8*i**2 - i. Suppose 3*l = -6*u + u - 19, 0 = 4*l - 3*u - 23. Suppose 2*k + 18 = -4*b, 3*k + 17 - l = -3*b. Determine z(k).
-7
Suppose 3*o - 50 = 2*b, 1397*o + b = 1402*o - 88. Let n(w) = w**2 - 20*w + 11. Calculate n(o).
-25
Let v be 6/2*15/(-9). Let w be (1 - v - 3) + 3. Let r(k) = 2*k + 7. Let g(z) = -2*z - 1. Let m(a) = 2*g(a) + r(a). Give m(w).
-7
Let b be (-4 - (8 + 2 + 0)) + 7. Let s(y) = 4*y**3 + 4*y**2 - 2*y - 2. Let p(w) = -w**3 + w**2. Let v(q) = 3*p(q) + s(q). What is v(b)?
12
Let n(g) = g**3 + 3*g**2 - 3*g 